hat is -1612 + 2?
-1610
In base 5, what is 0 + -433?
-433
In base 7, what is 12 + 4?
16
In base 2, what is -1101000 + 1000?
-1100000
In base 16, what is e29 + -5?
e24
In base 8, what is -2 + -17?
-21
In base 8, what is 15 + 224?
241
In base 16, what is 25b - -4?
25f
In base 16, what is -15d + 4?
-159
In base 13, what is -429c - 3?
-42a2
In base 4, what is -11321 + -23?
-12010
In base 16, what is -4 + -1?
-5
In base 9, what is -140 - 3?
-143
In base 8, what is -5 + 207?
202
In base 5, what is 23322 - 4?
23313
In base 9, what is 514 + 4?
518
In base 3, what is -111001020 + 2?
-111001011
In base 14, what is -4 - 126?
-12a
In base 7, what is -2 + 140?
135
In base 14, what is -a + -5?
-11
In base 3, what is 2021 - -1?
2022
In base 3, what is -201101 + 212?
-200112
In base 3, what is -102 - -1111?
1002
In base 13, what is 14c + -4?
148
In base 7, what is 1 + -1063?
-1062
In base 11, what is -160 - -5?
-156
In base 7, what is 3530 - -2?
3532
In base 15, what is -44 - 3?
-47
In base 4, what is 1330010 - 10?
1330000
In base 9, what is -2 + 157?
155
In base 9, what is -744 - 14?
-758
In base 10, what is 2 + 137?
139
In base 4, what is -11 + -212111?
-212122
In base 14, what is -4 + -c1?
-c5
In base 5, what is 114 + 4312?
4431
In base 12, what is -115 + 4?
-111
In base 15, what is 8c - 2?
8a
In base 14, what is 2 - 289?
-287
In base 5, what is 3441 + 0?
3441
In base 14, what is -25 + -10?
-35
In base 11, what is 5 - -68?
72
In base 9, what is 5 - 32?
-26
In base 9, what is 444 - 0?
444
In base 5, what is -121213 + -2?
-121220
In base 14, what is 0 + -1ac5?
-1ac5
In base 9, what is 0 + -35?
-35
In base 5, what is -201 + 2321?
2120
In base 13, what is -3 - 20?
-23
In base 7, what is -266 + 22?
-244
In base 4, what is 321 + 22?
1003
In base 6, what is -3 + 1212?
1205
In base 6, what is 2350 + -1?
2345
In base 12, what is -99 - 2b?
-108
In base 6, what is 4 + -22125?
-22121
In base 5, what is -4 + 43302?
43243
In base 11, what is -4 - -21?
18
In base 14, what is -149 - 3?
-14c
In base 9, what is -2 + -67?
-70
In base 3, what is 2 + 1101?
1110
In base 5, what is -2213 - 10?
-2223
In base 3, what is -1101202 - 2?
-1101211
In base 7, what is -3 + -265?
-301
In base 16, what is -1 - 4?
-5
In base 9, what is -1253 - -6?
-1246
In base 5, what is -112 - 32?
-144
In base 16, what is -19 - -9b?
82
In base 13, what is -9 + -85?
-91
In base 12, what is 5 + -927?
-922
In base 7, what is -10 + -320?
-330
In base 13, what is 3 - 2cc?
-2c9
In base 3, what is -210111 - 10?
-210121
In base 5, what is 3000 + -10?
2440
In base 7, what is -4 + 5011?
5004
In base 11, what is 0 - -34?
34
In base 6, what is -1103 - -234?
-425
In base 3, what is -121111 + -11?
-121122
In base 10, what is -189 + -7?
-196
In base 6, what is 3245 + 20?
3305
In base 12, what is -857 - -18?
-83b
In base 4, what is 313 + 21?
1000
In base 15, what is 2 - 15e8?
-15e6
In base 13, what is 0 - -3a?
3a
In base 14, what is -8 - 74?
-7c
In base 8, what is -6545 - -2?
-6543
In base 10, what is 45 - 67?
-22
In base 16, what is -2 + -1b0c?
-1b0e
In base 2, what is -10 - -11011?
11001
In base 14, what is 0 - 47?
-47
In base 3, what is 0 + -12200?
-12200
In base 11, what is 42 - 85?
-43
In base 13, what is 1251 - -2?
1253
In base 14, what is -22 + -46?
-68
In base 3, what is 122 - 211?
-12
In base 10, what is -4 - -5737?
5733
In base 10, what is -2 + 2073?
2071
In base 3, what is -21 + 11010?
10212
In base 2, what is 1010100101 - -111?
1010101100
In base 6, what is -503 + -433?
-1340
In base 7, what is -2 - -1014?
1012
In base 7, what is 3 - 151?
-145
In base 5, what is -121 - 1?
-122
In base 2, what is 11001000 - -10?
11001010
In base 6, what is 2 - -122?
124
In base 14, what is -5 + 182?
17b
In base 9, what is 10 - 1013?
-1003
In base 8, what is -1 + -17?
-20
In base 12, what is -313 - -3?
-310
In base 7, what is -1201 - 2?
-1203
In base 13, what is 4 - 11?
-a
In base 4, what is -11022 + 10?
-11012
In base 16, what is 2 - ef?
-ed
In base 14, what is -1a8 + -1?
-1a9
In base 8, what is 361 + 5?
366
In base 13, what is 928 + -4?
924
In base 9, what is 16 + 15?
32
In base 16, what is 5b - -59?
b4
In base 10, what is 727 - 3?
724
In base 10, what is -20 + -11?
-31
In base 14, what is 24 - 1d?
5
In base 3, what is 100 - -1201?
2001
In base 9, what is 4 - -72?
76
In base 11, what is 6 - 1a2?
-197
In base 16, what is 2f + 2?
31
In base 2, what is 100 + -10110111?
-10110011
In base 11, what is -41 + a?
-32
In base 5, what is -100 + 21?
-24
In base 4, what is -1 + -1220112?
-1220113
In base 16, what is -d + 10f?
102
In base 10, what is -16 - 3?
-19
In base 13, what is 2048 - 3?
2045
In base 14, what is -4 + 6d?
69
In base 9, what is 5 - 12?
-6
In base 16, what is -10 - -3?
-d
In base 8, what is 54643 + -4?
54637
In base 5, what is 1111 + 11?
1122
In base 11, what is -2 + 228?
226
In base 2, what is 1001 + -110110?
-101101
In base 8, what is 1370 - 5?
1363
In base 3, what is -12 - 202?
-221
In base 13, what is -2 + -67?
-69
In base 7, what is 4 - 52?
-45
In base 4, what is -1303 - -10?
-1233
In base 11, what is 0 + 168?
168
In base 16, what is 1 + -92c?
-92b
In base 9, what is 2 - 63?
-61
In base 11, what is -4 - -101?
a8
In base 11, what is -1aa - 6?
-205
In base 13, what is -5 + 40?
38
In base 15, what is a - -7?
12
In base 13, what is 86 - -1?
87
In base 9, what is 277 - -3?
281
In base 14, what is -2 + -65?
-67
In base 7, what is 0 - 130?
-130
In base 16, what is 76 + 4?
7a
In base 16, what is 2 + -c0?
-be
In base 8, what is 57 - -4?
63
In base 9, what is -11 + 73?
62
In base 14, what is -d23 - -3?
-d20
In base 13, what is -59 + 15?
-44
In base 16, what is 9 - -8?
11
In base 8, what is 317 + -4?
313
In base 8, what is 12432 - -5?
12437
In base 10, what is 188 + -14?
174
In base 16, what is -a - 0?
-a
In base 13, what is -2 - 12c8?
-12ca
In base 9, what is 184 + 7?
202
In base 10, what is 21 + 20?
41
In base 12, what is 2b44 + 4?
2b48
In base 5, what is 211 - 1012?
-301
In base 12, what is -4 - 115?
-119
In base 3, what is -120 - -2?
-111
In base 3, what is -20 - 20122120?
-20122210
In base 10, what is 233 + -3?
230
In base 6, what is 301 + -4?
253
In base 9, what is -4 + 22?
17
In base 9, what is 3 - 52?
-48
In base 4, what is -1223100 + -10?
-1223110
In base 13, what is -4 - 1b55?
-1b59
In base 8, what is 10 + 41?
51
In base 3, what is 20 - -1211012?
1211102
In base 13, what is -873 + 2?
-871
In base 8, what is 137 - -4?
143
In base 7, what is 46 + -4?
42
In base 8, what is -1 - -374?
373
In base 11, what is 5 + -103?
-a9
In base 12, what is -87 - 0?
-87
In base 6, what is -5 - -12344?
12335
In base 6, what is 2 - 5315?
-5313
In base 3, what is -1 - -1220?
1212
In base 7, what is 2411 + 3?
2414
In base 11, what is 565 + 2?
567
In base 5, what is -4 + 2332?
2323
In base 15, what is b + -86?
-7a
In base 4, what is -122 + -13?
-201
In base 12, what is 6 + -2a?
-24
In base 14, what is 1 - -cc?
cd
In base 14, what is 5 - 557?
-552
In base 3, what is -1 + 212221?
212220
In base 4, what is 13 + -203312?
-203233
In base 9, what is -353 + -5?
-358
In base 10, what is -58 - -4?
-54
In base 13, what is 3 - 27b?
-278
In base 4, what is -333 - 2031?
-3030
In base 4, what is 12020 - -1?
12021
In base 7, what is 10 - 65?
-55
In base 12, what is -4 - 33?
-37
In base 10, what is 30 + 12?
42
In base 15, what is 9 + 11?
1a
In base 5, what is 0 + -31013?
-31013
In base 14, what is b9 + 5?
c0
In base 14, what is 112 + 4?
116
In base 10, what is 9 + -2216?
-2207
In base 4, what is 10 - -130?
200
In base 2, what is -10 - -1010000100?
1010000010
In base 9, what is 1 - -1587?
1588
In base 5, what is -2432 + 0?
-2432
In base 9, what is 10 - -18?
28
In base 5, what is 1011 - 4?
1002
In base 13, what is 4 + 1705?
1709
In base 4, what is -22 - -120?
32
In base 7, what is -4 + -66?
-103
In base 2, what is 11110101 + -1101110?
10000111
In base 5, what is -444 + -1011?
-2010
In base 6, what is -202 + 21?
-141
In base 4, what is 3 + 1310?
1313
In base 9, what is -84 + 135?
41
In base 7, what is 4110 - -5?
4115
In base 12, what is -80 + 5?
-77
In base 11, what is 4 + -43?
-3a
In base 12, what is -2 + -a99?
-a9b
In base 5, what is 124231 - 3?
124223
In base 3, what is 0 - -1001020?
1001020
In base 4, what is 1023121 - 0?
1023121
In base 6, what is 12